, -j + 192 = 4*v - 1700. What are the prime factors of v?
2, 3, 79
Let q = 107 - 154. Let n = q - -18. Let w = n + 54. What are the prime factors of w?
5
Let r be (52/130)/(2*(-1)/(-10)). What are the prime factors of 0 + (r - 6) + 159?
5, 31
Suppose -3*w - 2*w + 15 = -2*n, 0 = -n. Let q be (-9)/w - (-12)/4. Suppose q*s + 4*y + 40 = 2*s, 20 = 4*y. What are the prime factors of s?
2, 3, 5
Let j = 2 + 20. Suppose -10 = 4*m - j. Suppose k = -2*i + 109, 0 = i + m*i + 4*k - 228. List the prime factors of i.
2, 13
Suppose -11*g - 9*g = -4840. List the prime factors of g.
2, 11
Let z = -22 - -35. Let q = z + 38. List the prime factors of q.
3, 17
Let h(k) = -k**3 - 12*k**2 - 20*k - 9. Let s be h(-13). Suppose -b - s = 4*b. Let y = -49 - b. What are the prime factors of y?
5, 7
Suppose 92 = o - 201. List the prime factors of o.
293
Suppose -40 = 2*v - 0*v. What are the prime factors of 9/(-4) - -2 - 645/v?
2
Let d = -83 + 40. Let k = d - -105. List the prime factors of k.
2, 31
Let d(t) = -7*t + 6. Let a(c) = -c**2 + 6*c + 11. Let j be a(8). Let f = j - -2. List the prime factors of d(f).
3
Let c be 4/18 + (-7544)/(-72). Let s be -2 - (-2 - (0 - -12)). List the prime factors of c/s*16/4.
5, 7
Let y = 710 + -418. What are the prime factors of y?
2, 73
Let t = 4 - 4. Let x(a) = -a + 2*a + t*a**2 + 4*a**2 - 2*a + 4 + a**3. What are the prime factors of x(-3)?
2
Let q = -3025 - -4452. List the prime factors of q.
1427
Let k be 6296/10 - (8/(-5))/4. Suppose k = 3*w + 6*w. List the prime factors of w.
2, 5, 7
List the prime factors of (-51 - 3)*132/(-8).
3, 11
Let b be 0/2 + -6 + 8. Let k be b/4 - (-132)/8. Let j = 27 - k. List the prime factors of j.
2, 5
Let s be (-13146)/(-49) - (-2)/(-7). List the prime factors of 1/4*-10*s/(-10).
67
Let a = 2867 + -922. What are the prime factors of a?
5, 389
Suppose 7*r + 3*r + 30 = 0. What are the prime factors of 1/(2/18)*(12 + r)?
3
Let f(l) be the first derivative of 3*l + 1/3*l**3 - 2*l**2 - 5. List the prime factors of f(6).
3, 5
Suppose 44*x = -16*x + 106980. What are the prime factors of x?
1783
Suppose -18 = -4*a - 2. Suppose 2*r + 5*w + 111 = 4*r, -3*w = a*r - 235. List the prime factors of r.
2, 29
Suppose 45 + 7 = 13*p. Let a(h) = -3*h + 1. Let j be a(-1). Suppose -3*f + 15 = -p*w, 9*w + 21 = j*f + 4*w. List the prime factors of f.
3
Let q = -129 + 207. Suppose -2*r = -5*j + 96, 2*r + q = 3*j + j. List the prime factors of j.
2, 3
Let c be 6 - (0/1 - 1). Suppose -c*m + 238 = -406. What are the prime factors of m?
2, 23
Let s(o) = o**2 - 5. Let g be s(-3). What are the prime factors of 38/g - (-8)/(-16)?
3
Let a(w) = 3*w**2 - 6*w**2 - w**3 + 3*w**2 - 8 - 3*w**2. Suppose z = -3*u + 5, -2*z = 5*u - 5 - 2. What are the prime factors of a(z)?
2
Let i = 288 - 164. What are the prime factors of i?
2, 31
Suppose 2*y = 5*k, y = -k + 2*k. Suppose y = -5*t - 4*m - 16, 3*m + 22 = 2*t + 10. Suppose t = 5*x + 2*h - 56, 26 + 26 = 4*x + 4*h. List the prime factors of x.
2, 5
Suppose 88*i = 80*i + 3440. List the prime factors of i.
2, 5, 43
Suppose -a = 2*l - 562 + 175, 4*l = 2*a - 758. What are the prime factors of a?
383
Let s(v) = 47*v**2 + 39*v + 78. List the prime factors of s(-8).
2, 19, 73
Suppose -4*t + t = 0. Suppose -n + 6*n - 135 = t. Let b = -18 + n. List the prime factors of b.
3
Let j = 365 - 328. List the prime factors of j.
37
Let t = 2184 + -1529. List the prime factors of t.
5, 131
Let w be (-8)/60 - (-13)/(-15). Let b be 2 + w + -2 + -1. List the prime factors of 2*(43/2 - b).
47
Suppose -5*n = -0*n - 10. Let b be (4 - -1)/(-1)*-20. Suppose -n*d = -7*d + b. List the prime factors of d.
2, 5
Let v = -1161 - -2156. Suppose 22*t + v = 27*t. What are the prime factors of t?
199
Suppose 4*j - 24 = 6*j. Let d be (j/10)/((-14)/35). Suppose f = -d*l + 66, 5*f + 0*l - 282 = -3*l. What are the prime factors of f?
2, 3
Let g(i) be the third derivative of i**5/60 + i**4/24 + i**3/3 + 4*i**2. Let j be g(0). Suppose 57 = j*l + 1. What are the prime factors of l?
2, 7
Suppose -u = -0*u - 25. Let m be (-8)/(-28) + 1480/14. Suppose -19 - m = -5*k - 2*d, 0 = -k - 4*d + u. List the prime factors of k.
5
Let f(m) be the first derivative of -11*m**2/2 + m - 23. List the prime factors of f(-11).
2, 61
Suppose -3*h = -4*r - 1102, -4*h - r + 1476 = -5*r. Suppose 3*l = 3*u - 228, 5*u = l + l + h. List the prime factors of u.
2, 37
Let s(i) = -i**3 + 7*i**2 - 4*i - 10. Let g be s(6). Suppose r - 100 = 5*n, -g*r + 5*n - 300 = -5*r. What are the prime factors of r?
2, 5
Suppose f - 4 = 0, -4*f = v - 0*v - 19. Suppose -2*i = v*g, -5*g - 10 = -0*g. Suppose 2*c + 3*z = 34, 0 = i*c - 2*z - 63 + 12. List the prime factors of c.
17
Suppose 0 = -0*w - 5*w + 515. Suppose -8 = z + z, 3*a - w = -2*z. What are the prime factors of a?
37
Let r = -68 - -258. Suppose -3*i - q + r = 0, 4 + 111 = 2*i + 3*q. List the prime factors of i.
5, 13
Let o(z) = 3*z**3 - 2*z**2 - z - 1. Let b(m) = m**3 - 3*m**2 + 2*m - 4. Let s be b(3). What are the prime factors of o(s)?
13
Suppose -2*d = -3*i + 5203, -2*i - 3*d + 6960 = 2*i. List the prime factors of i.
3, 193
Let j(q) = q**2 + q - 14. Let w be j(-11). Suppose -34 = l - w. List the prime factors of l.
2, 31
Let t(n) = n**3 + 12*n**2 - 2*n - 24. Let u be t(-12). Suppose 4*k + 0*k - 680 = u. List the prime factors of k.
2, 5, 17
Let r(d) = d**3 + 8*d**2 - 17*d + 23. What are the prime factors of r(-8)?
3, 53
Suppose 82*s - 78*s = -3*f + 13313, -4*f = -5*s + 16680. What are the prime factors of s?
2, 7, 17
Suppose 72 = -2*m - 2*m. Let l = m - -27. What are the prime factors of l?
3
Suppose 11*j - 12*j - 4 = 0, s = 4*j + 104. List the prime factors of s.
2, 11
What are the prime factors of (74 + -7 - -5)*(-161)/(-4)?
2, 3, 7, 23
Let r(c) = -c + 14. Let t be r(8). Let s(n) = n**2 - 6*n + 4. Let p be s(t). Suppose -p*j - 3*d = -8, -5*j - 5*d + 6 = 1. What are the prime factors of j?
5
Suppose -q - 6723 - 6048 = -3*n, 5*q + 8514 = 2*n. What are the prime factors of n?
3, 11, 43
Suppose 12*n + 60581 = 41*n. What are the prime factors of n?
2089
Let i = 87 + -185. List the prime factors of (-28)/i + (-1587)/(-7).
227
Let m be 2*4/8 - -6. Suppose m*h - 6*h - 4 = 0. Suppose -h*a + 123 = -41. List the prime factors of a.
41
Suppose g + 437 - 5 = 0. Let s = -251 - g. What are the prime factors of s?
181
Let t be (-1)/(((-12)/(-27))/4). Let q be 1/((-12)/(-8))*t. What are the prime factors of (-3)/q + 28/8?
2
Let q = 1618 - 889. What are the prime factors of q?
3
Let r = 79 + 70. What are the prime factors of r?
149
Let a = -4 + -3. Let r be (13/1)/(a/21). Let p = 71 + r. What are the prime factors of p?
2
Let s(a) be the second derivative of a**4/4 - a**3/3 - 3*a**2/2 - 6*a. Let y(b) be the first derivative of s(b). List the prime factors of y(4).
2, 11
Suppose 18*l + 7308 = 30*l. What are the prime factors of l?
3, 7, 29
Let r(b) = 12*b**2 - 55*b + 157. Let m(w) = -7*w**2 + 28*w - 79. Let d(j) = -5*m(j) - 3*r(j). What are the prime factors of d(14)?
2, 3, 13
Let a(c) = -2*c + 19. Let u be a(10). Let w = 8 - u. What are the prime factors of w?
3
Let f(p) = 42*p + 39. What are the prime factors of f(41)?
3, 587
Suppose -l + 409 + 227 = 0. What are the prime factors of l?
2, 3, 53
Let z = 136 - 68. Suppose 6*w - 2*w = z. Suppose -5 = -2*m + w. What are the prime factors of m?
11
Suppose 5*w = -14 + 9. What are the prime factors of ((-9)/18)/(w/90)?
3, 5
Suppose -s + 5*r = -4*s - 303, -4*s - 2*r = 418. What are the prime factors of (s/4)/(1/(-2))?
53
Let m be 4/(-6) + (-80)/(-12). Suppose -m*c - 104 = -8*c. Suppose -5*q + c = -33. List the prime factors of q.
17
Suppose 3*k + 5*u = 3638, 3*u = 5*k + 769 - 6821. What are the prime factors of k?
7, 173
Suppose 2*u = 73 + 277. Let h = -16 + 18. Suppose -3*v = h*v - u. List the prime factors of v.
5, 7
Suppose 5*p - 6 = 4. Let o be -1*15/(-6)*p. Suppose 99 = o*a - 2*a. List the prime factors of a.
3, 11
Let z = 10 + -12. Let w = 19 + z. Suppose 4*m + 3*l - 63 = 0, 2 = -m - l + w. List the prime factors of m.
2, 3
What are the prime factors of -11 + 26 + -18 + 2166/1?
3, 7, 103
Let f(t) = -t. Let r(a) = a**2 - 10*a - 13. Let z(l) = -6*f(l) + r(l). List the prime factors of z(14).
127
Let w(v) = -v**3 - 7*v**2 - 13*v - 19. List the prime factors of w(-8).
149
Suppose -139